3. Let s be 35/m - (-2)/4. Let l(r) = 2*r - 4. List the prime factors of l(s).
2
Suppose 2*m - 30 = -3*m. What are the prime factors of 78/(-18)*m/(-1)?
2, 13
List the prime factors of 0 - ((-45 - -1) + 2).
2, 3, 7
Let j(y) = y**2 + 3*y - 3. List the prime factors of j(-7).
5
Let t = -8 + 15. Let c = 2 + t. List the prime factors of c.
3
Suppose a + 4*y = -4*a + 38, -5*a + y = -28. Suppose 0 = 2*q - 4*v - a, 0*q = 4*q - 5*v - 18. What are the prime factors of q + (-4 - -3 - -3)?
3
Let z(m) be the second derivative of m**5/20 - 5*m**4/12 - 11*m**3/6 + 5*m**2 + 10*m. List the prime factors of z(7).
31
Let v be 2 - -4 - (2 + 1). Suppose 5*a + 2*u - 60 = -0*a, u + 36 = v*a. What are the prime factors of a?
2, 3
Suppose 2*u - 3*s - 98 = 0, 0*u - 3*u - 4*s = -181. List the prime factors of u.
5, 11
Suppose -2*x - 5 = 5*i - x, 0 = i + 2*x + 10. Suppose -c + 6*c = 200. Suppose -s = 5*w - i*w - c, w + 4*s - 27 = 0. What are the prime factors of w?
7
List the prime factors of ((-38)/(-8))/(11/88).
2, 19
Let j = 4 - 8. What are the prime factors of (-3)/((4/3)/j)?
3
Let p(d) = -d + 19. What are the prime factors of p(-16)?
5, 7
Let s = 15 + -3. What are the prime factors of s?
2, 3
Let y(k) = -k - 3. Suppose -3*h = -8*h - 15. Let s(m) = 2*m - 1. Let t be s(h). What are the prime factors of y(t)?
2
Suppose 2*n + 3*t = 0, 5*n - 4*t = -2*t. Suppose -2*s = 3*j - 34, n*j - 4*j = 0. List the prime factors of s.
17
Let r(c) = c**3 - 5*c**2 + 4*c - 2. Let q be r(3). Let d = q + 12. Suppose d*m - 5*t + 2*t = 39, m - t - 9 = 0. What are the prime factors of m?
2, 3
Suppose -6*m = -3*w - m + 64, 0 = -4*w + 3*m + 78. List the prime factors of w.
2, 3
Let p = -5 + 5. Suppose 2*m - 3 + 15 = p. List the prime factors of (m/(-9)*15)/1.
2, 5
Suppose 2*f = -f. Suppose -d + f*d = -13. What are the prime factors of d?
13
Let g = 9 + -9. Suppose -4*v + 0*v = 0. Suppose -k + 4 = g, v = -0*z - 4*z + 2*k + 12. List the prime factors of z.
5
Suppose 0 = -3*b + 5 + 4. Suppose -8*c = -b*c. Suppose c*u = -5*u + 45. List the prime factors of u.
3
Let x(g) = g + 10. Suppose -t = 3*t. List the prime factors of x(t).
2, 5
Let i(k) = 23*k**3 - k**2 + k + 1. Let x be i(-1). Let s = -5 - x. List the prime factors of s.
19
Let k = -136 + 178. What are the prime factors of k?
2, 3, 7
Let g(c) = 3*c - 3. Let l be g(2). Let v(y) = -y**2 + 3*y + 6*y**2 + y**l + 0*y**3. List the prime factors of v(-3).
3
Let w be (-211)/(-3) - (-4)/(-12). Suppose n - q = 14, 2*q = -5*n + 6*q + w. Let s = n + -9. List the prime factors of s.
5
Suppose 0*y = -t - y + 7, 2*y - 11 = -t. Suppose 5*m - t*n + 35 = 7*m, 30 = m + 4*n. Let w(x) = 2*x - 3. What are the prime factors of w(m)?
17
Let l(x) = -4*x - 5. Let k be l(-4). Suppose 0 = -t + 2*t - k. What are the prime factors of t?
11
Let v(o) = o**3 + 7*o**2 - o - 6. Let b be v(-7). Let k = 2 - b. Suppose -k = 2*c - 17. List the prime factors of c.
2
Let x = 26 + -63. Let v = x - -65. What are the prime factors of v?
2, 7
Let v(z) = 8*z - 1. List the prime factors of v(3).
23
Let a(v) = -v**2 - 13*v - 15. Suppose -r - 13 - 24 = -5*n, -15 = -3*n. Let x be a(r). List the prime factors of x + (3 - (0 + -18)).
2, 3
Let l = -96 + 198. What are the prime factors of l?
2, 3, 17
Let t be 2/6 + 22/6. Let y be t/(-10) - 22/(-5). Suppose y*n + 2*z - 16 = 2, -3*z + 15 = 2*n. List the prime factors of n.
3
Let s(n) = -n**2 + n - 1. Let r(d) be the third derivative of -d**5/30 + d**4/24 - 2*d**3/3 - d**2. Let m(v) = r(v) - 3*s(v). List the prime factors of m(-3).
2, 7
Let o = -108 - -222. What are the prime factors of o?
2, 3, 19
Suppose 4*b = 4 + 4. Let g = 0 - b. What are the prime factors of 12*1/(0 - g)?
2, 3
Let l be (-1)/2*(0 + 0). Let y be (3/6)/1*l. Suppose -4*i + 32 = n, y = n + 3*i - 16 - 11. What are the prime factors of n?
2, 3
Suppose -151 - 49 = -4*q. What are the prime factors of q?
2, 5
Let s(a) = -4*a**2 + 1. Let f be s(-1). Let g = f + 6. What are the prime factors of g?
3
Let v = 16 + -5. Suppose -2*y = -y - v. List the prime factors of y.
11
Suppose 3*x + h + h = 297, 5*h = -x + 86. List the prime factors of x.
101
Let k be 6/(-2) + 158/2. Suppose 5*b = 24 + k. List the prime factors of b.
2, 5
Let q(d) be the first derivative of -d**2/2 + 9*d - 1. Let c be q(4). Suppose -c*w + 27 = -28. List the prime factors of w.
11
Let r(x) = -x**2 + x - 1. Let b(g) = g**3 + 4*g**2 + 5*g + 6. Let y(c) = -b(c) + 2*r(c). List the prime factors of y(-6).
2, 5
Suppose 1 - 4 = -t. Suppose t*q + 2 = 11. List the prime factors of q.
3
Let o = 85 - -79. List the prime factors of o.
2, 41
Let v(i) = 46*i - 10. What are the prime factors of v(2)?
2, 41
Suppose 3*l - 4*g = -5*g + 75, 2*l + 4*g = 40. Let o = l - 5. What are the prime factors of o?
3, 7
What are the prime factors of (-1)/(-2) - 110/(-4)?
2, 7
List the prime factors of (-1)/(-4) + (-2 - (-1646)/8).
2, 3, 17
Let s(r) = 5*r + 8. List the prime factors of s(0).
2
Let p = 91 - -13. List the prime factors of p.
2, 13
Suppose 0*m - 11 = 3*m + 4*a, 3*a = -4*m - 3. What are the prime factors of 11/m + 11/33?
2
Suppose 0 = 3*v + s - 11, -4*v - 4*s + 16 = -4. Suppose -2*k - v*k = -35. What are the prime factors of k?
7
Suppose 4*f - 24 = 3*f. What are the prime factors of f?
2, 3
Let u = 2 - -44. What are the prime factors of u?
2, 23
Let x(a) = 3*a**2 - 2*a - 7. Suppose 0 = -5*f + 11 + 14. Let d be x(f). Suppose 0 = -3*u - 4*b + 29, 4*b - b = 5*u - d. List the prime factors of u.
11
Suppose -9 = 2*w - 4*l + 3, -5*l + 18 = -w. Suppose -18 = -2*q + w. List the prime factors of q.
2, 5
Let i(v) = 0 - v - 3 + 0*v + 4*v. List the prime factors of i(4).
3
Let a = -43 + 110. List the prime factors of a.
67
Suppose 3*m - 159 = -0*m - 4*c, 5*c = 3*m - 132. What are the prime factors of m?
7
Let x = -8 - -9. Let m(p) = -p**2 - 8*p - 8. Let g be m(-6). Let k = g - x. List the prime factors of k.
3
Let x(j) = j**3 - 9*j**2 - j + 13. Let n be x(9). Suppose -4*y + 50 = 2*o, -n*y - o + 70 = -3*o. List the prime factors of y.
3, 5
Let u(r) = -r + 3. Let d(g) = 2*g - 7. Let q(v) = 10*v - 35. Let t(m) = -11*d(m) + 2*q(m). Let f(a) = 3*t(a) - 5*u(a). List the prime factors of f(3).
3
Let z = 392 - 183. What are the prime factors of z?
11, 19
What are the prime factors of 31/(-2)*(-68)/17?
2, 31
Let t = -9 - -21. Suppose 4*a - t + 0 = 0. Suppose 0*j = 5*j + a*u - 84, -86 = -5*j - 2*u. What are the prime factors of j?
2, 3
Suppose 0 = 5*z + 7 + 3. Let w(x) = 3*x + 3. Let q be w(z). List the prime factors of q/((-22)/(-14) + -2).
7
Let z(y) be the first derivative of -11/2*y**2 - 1 - 8*y - 1/3*y**3. What are the prime factors of z(-9)?
2, 5
Let k(j) = 5*j**2 - j. What are the prime factors of k(1)?
2
Let m be (33 + 1)/(-1 - -3). Suppose -2*t + m - 4 = 3*u, 0 = u - 3*t + 3. Suppose 0 = -o - u*q - 3, -2*o = -4*q - 14. List the prime factors of o.
3
Let i = 51 + -11. List the prime factors of i.
2, 5
List the prime factors of 1/(((2/31)/(-1))/(-2)).
31
Suppose 0 = -3*w + 35 + 52. Let h = 55 - w. List the prime factors of h.
2, 13
Let z = -9 + 13. Let h = -6 + z. What are the prime factors of 12 - 0/(4 + h)?
2, 3
Suppose -4 = -7*w + 3*w. What are the prime factors of 11 - ((w - -1) + -4)?
13
Suppose -5*f + 3*x + 4 = -15, -3*x - 17 = -4*f. Suppose 4*y + f*q = 70, 2*y = -5*q + 44 + 11. What are the prime factors of y?
3, 5
Let s(g) be the first derivative of 7*g**3/3 - 3*g**2/2 - 2*g + 5. List the prime factors of s(-2).
2
Let l(a) be the third derivative of a**5/60 + 5*a**4/24 - 3*a**3/2 - 2*a**2. List the prime factors of l(-7).
5
Suppose 21 = 5*l - w + 2*w, w = -3*l + 11. Suppose 0 = q + 5*h - 13, 5*q - l*h - 34 - 1 = 0. List the prime factors of q.
2
Let w(y) = -y**3 + 7*y**2 - 6*y + 5. Let f be w(6). Suppose n = 2*v + v - 1, -3 = n - f*v. List the prime factors of ((-4)/10)/(n/(-20)).
2
Let d(x) = 42*x**2 + x - 2. What are the prime factors of d(-2)?
2, 41
Let k(z) = 4*z**3 - z. Let h be k(-1). Let v = 1 - h. What are the prime factors of v?
2
Suppose -3*l + 5*l = 458. List the prime factors of l.
229
Let j = 4 - -7. Let u = 2 - -2. Let h = j + u. List the prime factors of h.
3, 5
Suppose -14*f + 19*f - 450 = 0. What are the prime factors of f?
2, 3, 5
Let j(m) = -m**2 + 35*m - 50. What are the prime factors of j(14)?
2, 61
Let n be (-18)/(-8)*